2*v**3 - 16*v**2 - 2*v - 7. Is c(d) a composite number?
True
Is 16 + (-7173156)/(-24) + 4/(-8) prime?
True
Suppose 5*b + 63*h - 9596 = 66*h, 0 = -h + 3. Is b prime?
False
Is 1684*6/48 + 2/4 a prime number?
True
Suppose -4*l = 20, -a + 0*l + 831 = 2*l. Suppose 4*f - 656 = -4*w + 24, 5*f + 2*w = a. Is f prime?
True
Is (79339/34)/(-13)*-1766 a composite number?
True
Suppose 133*h = 27*h + 68529742. Is h composite?
True
Is (-1032)/(-4816) - ((-28578387)/42 + -1) a prime number?
False
Let z be 4/(-18) + (-3 - (-20698936)/72). Suppose 11*b - z = -15*b. Is b a prime number?
True
Let n = -79 - -143. Let y = -64 + n. Suppose f - 7*f + 3498 = y. Is f a composite number?
True
Let g = 38 - 40. Let y be 0/(-1*(-3 - g)). Suppose -4*w + w + 333 = y. Is w a composite number?
True
Let j(g) = -404*g + 105751. Is j(0) a prime number?
True
Let y be (1 - -5)/((-36)/(-24)). Suppose -2*g = 2*g + y*r + 16388, -5*r - 16391 = 4*g. Let m = g - -6547. Is m a composite number?
True
Let c(s) = 454*s**2 + 85*s + 1001. Is c(-12) a composite number?
False
Is 89316 + 1/((-3)/(-39)) a composite number?
False
Suppose 9 = 5*t + 2*f, 2*t - 5*f - 6 = 5*t. Suppose t*o = 9*o - 124842. Is o prime?
True
Let l be 0 + (-3)/(-4) + 45/(-60). Suppose -7490 = -2*d + 2*z, 0 = -4*z + 2 + 10. Suppose -p - 4*c = -937, l*p + 4*c - d = -4*p. Is p a composite number?
False
Is (-14)/(70/(-25)) - (-13)/((-26)/(-464772)) composite?
False
Let v = -5 - -7. Suppose -v*r - 11682 = -4*r. Suppose -3*l - 2*l - 2*s + r = 0, -2332 = -2*l - 3*s. Is l a prime number?
False
Let w(s) = -s**3 - 4*s**2 + 11*s - 5. Let x be w(-6). Let m be ((-5415)/36 + x/(-3))*4. Let b = m + 2258. Is b composite?
True
Suppose 3*x + 277 = 280, -x + 213996 = 5*b. Is b a composite number?
True
Suppose -227*v + 229*v + u = 5108, -12776 = -5*v - 4*u. Let l be ((-2)/(-2))/(1/3206). Suppose l = 5*d - f, v + 658 = 5*d - 5*f. Is d prime?
True
Let t be 3 + -1*-2*(-3)/(-6). Let g(i) = 12*i - 12. Let b be g(t). Suppose -b*p + 1642 = -35*p. Is p composite?
True
Is -71 + 70 + (0 + -1 - -36975) prime?
True
Suppose -4*u + 4*n + 7 = -9, 0 = -5*u - 2*n - 8. Suppose -3*g - 2662 + 21829 = u. Is g prime?
True
Is 5/(-30)*15*(-15116)/10 prime?
True
Let l(i) = -i**3 - 113*i**2 + 495*i + 900. Is l(-127) prime?
True
Suppose -2*o = -3*u + 11065, 15*u + 7376 = 17*u - 2*o. Let z = 5443 - u. Is z prime?
False
Is 54/(-14) + 4 + (59622240/70)/12 a composite number?
False
Is (200476/(-6))/((9/12)/((-90)/80)) prime?
True
Let j(v) = 80*v + 105. Let h(n) = 1. Let l(x) = -4*h(x) + j(x). Is l(10) a prime number?
False
Suppose -2*r = -4, 3*t = -2*t + 4*r + 47. Let d(l) = 39*l**2 + 17*l - 203. Is d(t) a prime number?
True
Is 16485 - 1 - (8 - (-120)/(-12)) prime?
False
Let u be (1 + -4)*2/(-2). Let f = 1026 - 142. Suppose 4*p - f = 5*r, 0 = -2*p + u*r + 370 + 70. Is p prime?
False
Let n(b) = 2*b**3 + 16*b**2 - 353*b + 34. Is n(31) a prime number?
False
Suppose 54*o = 49*o + 720. Suppose -b - 2*u - 589 = -2956, -4*u + 4 = 0. Let z = b - o. Is z prime?
True
Is ((-327597)/12)/(52/(-624)) prime?
False
Let p = 7 + 0. Suppose 0 = p*j - 2*j. Suppose j = -10*z + 8*z + 934. Is z composite?
False
Suppose 463480 + 732056 = 2*u + 14*u. Is u prime?
False
Let r = 552901 - 228662. Is r composite?
False
Is (-9)/6 + ((-2)/6)/(128/(-37648320)) a prime number?
True
Let d be 8/14 + 577/7. Let h = -85 + d. Is ((-1)/h)/(2/(-8)) + 864 prime?
False
Let f(b) = -1852*b + 61. Let w be f(-9). Suppose 7*c - w = -2008. Is c a composite number?
True
Let j(a) be the first derivative of 211*a**4/4 - 5*a**3/3 + 2*a**2 + a + 50. Is j(1) prime?
True
Let r be (0 - 4/6)*60/(-8). Suppose -a - o + 626 = 0, -2*a - r*o = 56 - 1299. Is a - 28/(-42)*6/1 prime?
False
Let m = 51 - 48. Suppose -m*n - 14 = -2. Let p(v) = 70*v**2 - 6*v - 9. Is p(n) a prime number?
False
Let m(v) = -3*v**2 - v + 6. Let t be m(-3). Let o(x) = -3*x**3 - 32*x**2 + 49*x - 35. Is o(t) a composite number?
False
Let o(r) = -4*r - 23 + 9 + 10 + 21 + 216*r**2. Is o(3) composite?
False
Let n = -2976 - -5664. Suppose 4*j - 8*j = -n. Suppose 0*w = 3*w + 4*h - 665, -3*h - j = -3*w. Is w a prime number?
True
Let w = 670 - 665. Suppose 4*t - 45459 = -3*i, 2*i + 12214 = w*t + 42520. Is i composite?
True
Let o(v) = -10990*v - 10599. Is o(-5) a prime number?
True
Suppose 6*g = 3*w + 10*g - 572489, -3*w + 572490 = 3*g. Is w composite?
True
Suppose o - 46 = -48. Let c be 3 - 4*o*(-5)/4. Is -4786*((-7)/(-2))/c a composite number?
False
Suppose -21*z = -17*z - 72. Let t(g) = 17*g - 4. Let b be t(2). Is (b/(-4))/((-9)/z) a prime number?
False
Let g(u) = -u**2 + 6*u + 4. Let y be g(0). Suppose 0 = h + y*x - 11263, 0*x + 5*x = 4*h - 45157. Is h a prime number?
False
Let t be (3/5)/(2/(-10)). Let k be (-120)/(-18) - t/9. Suppose -11*o + k*o = -1336. Is o a composite number?
True
Let u be (2*(-2 - 1))/(-2). Suppose -4*a + u*f = 150, -3*a = -a - 5*f + 82. Is ((-5)/(-3))/((-4)/a) prime?
False
Let u = 64 + -69. Let s be (2/u)/(1/(-2 + -3)). Is 3579/(-2)*s/(-3) a composite number?
False
Let f(q) = -2*q - 12. Let n be f(9). Is (-447)/2*n/45 a composite number?
False
Suppose 0 = 49*k - 46*k + 5*i - 5186, 2*i - 6910 = -4*k. Suppose 16*t = 17*t - k. Is t composite?
True
Suppose -4*l = -3*g + 5171, 0*g + 5173 = 3*g - 2*l. Suppose 3*b - 3*o - g = 0, -4*o - o - 2302 = -4*b. Suppose -5*k + 142 + b = 0. Is k a prime number?
False
Is (6 - (10 - 12)) + (-959815)/(-5) a composite number?
True
Suppose -2*j - 1 = -j, -4*j = p - 7393. Let x = -4194 + p. Is x prime?
True
Let f = -1836 - -3457. Let o = f - 732. Is o a composite number?
True
Let r be (-29 - 3)*3/(-12). Suppose r*w + 137427 = 27*w. Is w a composite number?
True
Suppose 2*c - 179 = -3*j, -3*j - 51*c + 55*c + 173 = 0. Is (-411*3/(-9))/(1/j) prime?
False
Suppose 246555 = 37*i - 467138. Is i composite?
False
Suppose 44960435 + 21854651 = 263*j - 9029643. Is j a prime number?
True
Suppose -6*d + 312 = -10*d. Let y = d - -78. Suppose y*v + 777 = 3*v. Is v a composite number?
True
Suppose -3451*j - 14686 = -3465*j. Is j composite?
False
Let t(x) be the second derivative of x**4/12 + x**3/2 - 3*x**2 + 9*x. Let v be t(-4). Is 119 - (2 + (-3 - v)) a prime number?
False
Suppose -2*w + 2225343 = 5*s, -93*w + 88*w - 890143 = -2*s. Is s composite?
False
Suppose -2*c = 8*c - 23890. Suppose 4*l = -u + c, -3*l + 588 - 2984 = -u. Is u composite?
False
Suppose -g = -21 + 9. Let z be -2 + 5704/6 + 4/g. Suppose -s + z - 240 = 0. Is s a composite number?
False
Let s be 1150/75 + 1/3*-1. Suppose 0 = s*r + 7 - 67. Suppose 80 = r*u - 5*x - 262, -4*u = 2*x - 328. Is u a composite number?
False
Is 48740 - ((30/105 - 3) + (-4)/14) prime?
False
Let r(v) = 177*v + 3028. Is r(27) a composite number?
True
Let v(u) be the second derivative of -55*u**3/3 - 29*u**2/2 + 37*u. Is v(-12) prime?
True
Suppose 9*n - 16*n + 32536 = 0. Suppose -n = 9*x - 10*x. Let t = x - 3279. Is t composite?
True
Let c(w) = w**2 - 3*w + 6. Let z be c(2). Suppose v + 3*u = -19, 1 - 63 = 5*v + z*u. Is ((-235)/v)/((-3)/(-6)) composite?
False
Let y(p) = p**3 + 6*p**2 - 12*p - 39. Let h be y(-7). Is 2/2 - ((h - -10) + -1047) a composite number?
True
Let d(m) = -m - 14. Let h be d(-4). Is (2579/5*-2)/(4/h) a composite number?
False
Let i = -54 + 57. Let m be i/(-7) + 62/14. Suppose 5*s - 2321 - 1339 = 5*h, m*h + 4 = 0. Is s composite?
True
Suppose 2*z = 5*z - 15, 24 = 2*t + 4*z. Let w be (1/t)/((-6)/(-60)). Suppose w*f - 621 = 3*l - 200, -5*f - 3*l + 409 = 0. Is f prime?
True
Let t(k) = k. Let i(v) = v**3 + 32*v**2 - 11*v - 1. Let x(q) = i(q) + 4*t(q). Let w be x(-22). Suppose -13*y + w = -9138. Is y composite?
False
Suppose 4 = -i - f - 0, -16 = 4*i - f. Let a(m) = -930*m + 73. Is a(i) a composite number?
False
Let k be ((-195)/50 - -1) + (-2)/20. Let i(p) = 931*p**2 + 10*p + 18. Is i(k) prime?
False
Suppose 90*t - 3849775 = -106*t + 3409869. Is t a prime number?
True
Suppose 37*a - 41*a + 187442 = 2*z, 3*a = z - 93716. Is z prime?
True
Suppose 4*r + 1311 = -0*r - 3*x, 3*r + 1005 = 5*x. Let l = r + 696. Is (l/(-8))/(-3 - (-44)/16) prime?
False
Suppose -o + 16028 = -5*a - 6731, -3*o + 2*a = -68290. Suppose -79608 = -12*k - o. Is k a composite number?
True
Let q be 2/((-16)/(-3198)) + 3/12. Let f = q - 179. Is f a prime number?
False
Let b(c) = 4*c - 3. Let i be b(4). Let d be (-